236 = -1796. Let l = -65 + w. What is the units digit of l?
1
Suppose 15*c = 17*c - 134. Let r = 70 + c. What is the hundreds digit of r?
1
Suppose 3*b = 4*b + 12. Let d be (-67)/6 + (-2)/b. Let i = d + 23. What is the tens digit of i?
1
Let j(w) = -w**2 + 8*w - 6. Let z be j(7). What is the tens digit of ((-8)/10)/(2*z/(-140))?
5
Let p be (1 - 2)/(2/(-10)). Suppose -7 - 3 = -p*a. Suppose -8 = -a*f - 4. What is the units digit of f?
2
Suppose -2*u - 4*l = l - 19, 0 = -3*u - 3*l + 33. Let c be (0 - 81)*(-20)/u. Suppose c - 3 = 4*i. What is the tens digit of i?
3
Let b = -1 - -1017. What is the units digit of b?
6
Suppose 76*y - 82*y + 3450 = 0. Suppose 4*x + k - y = 0, 2*x - 280 = 3*k - 5*k. What is the hundreds digit of x?
1
Suppose 4*n + 2*x - 57 + 3 = 0, -x = -1. Let i(f) = -f**2 + 18*f - 2. What is the units digit of i(n)?
3
Let y = 11 + -13. What is the units digit of 27/6 + y/4?
4
Suppose -2*i - i - 153 = -5*t, -i - 51 = 5*t. Suppose -q = 2*q - 27. What is the units digit of i/q*(-3 - 0)?
7
Let t(v) be the second derivative of v**5/20 - 2*v**3/3 + v**2/2 + 10*v. Let x be t(2). What is the tens digit of (-116)/4*(-2 + x)?
2
Suppose 20 = -5*r, -d + r + 26 = -27. What is the tens digit of d?
4
Suppose 4*z = 3*z + 384. What is the hundreds digit of z?
3
Suppose -14*p + 9*p = 0. Suppose 4*v - 14 - 6 = p. Suppose -5*x + 11 = -i + 2, v*x + 5*i = 15. What is the units digit of x?
2
Let i(d) = -27*d - 1 + 75*d + 6 - 7. Let u(n) = n**3 - 3*n**2 + n - 2. Let b be u(3). What is the tens digit of i(b)?
4
Let f be (-4)/14 + 1920/7. Suppose 0 = -7*y + f + 237. What is the tens digit of y?
7
Let f be -9 - 64 - -1*1. What is the tens digit of 7 + -4 + (1 - f)?
7
What is the hundreds digit of (-271 + -77)/((-1)/(-14)*-3)?
6
Let f(k) = -1. Let g(b) = -b**2 - b + 8. Let t(i) = -2*f(i) - g(i). What is the units digit of t(5)?
4
Let u = -586 - -1444. Suppose 5*i + 73 - u = 0. What is the hundreds digit of i?
1
Let f = 121 - -75. What is the units digit of f?
6
Suppose k - 7*k = 168. Let g = -6 - k. What is the tens digit of g?
2
Suppose 3*t = 0, 2*c - 535 = -5*t + 1651. What is the units digit of c?
3
Let c(u) = -16*u - 10. Let d(z) = -8*z - 5. Let g(v) = -4*c(v) + 9*d(v). What is the units digit of g(-12)?
1
Let c be ((-425 + -1)/(24/16))/(-2). Let s = -112 + c. What is the units digit of s?
0
Let z be ((-39)/26)/(2 - 7/2). What is the tens digit of 474/4 - 9/(-6)*z?
2
Let s(r) = 15*r**2 + 10*r - 18. What is the units digit of s(4)?
2
Suppose -2*w = 9*w - 176. Suppose -w*c + 614 = -2826. What is the tens digit of c?
1
Let t = -37 - -43. What is the tens digit of t/(-4)*13*(-2 - 2)?
7
Let c be (-9)/6*4/(-3). Suppose -c*g + 5*w + 28 = w, 2*w = 5*g - 30. Suppose -g*r + 110 = r. What is the units digit of r?
2
Let j(l) = -8*l + 3. Let i(y) = 31*y - 13. Let z(a) = -6*i(a) - 26*j(a). What is the tens digit of z(7)?
5
Suppose -31*o = -27*o - 9892. What is the tens digit of o?
7
Let v = -38 - -44. Let p = v - -102. What is the tens digit of p?
0
Let d be 130/11 - (-14)/77. Let r be (d/10)/(2/5). What is the units digit of r/(2*2/4)?
3
Let g = -343 + 627. What is the hundreds digit of g?
2
Suppose 13*z = -31376 + 102265. What is the thousands digit of z?
5
Let d(r) = 2*r**2 - 3*r - 54. Let g be d(6). Let o(l) be the third derivative of l**4/24 + 17*l**3/6 - l**2. What is the tens digit of o(g)?
1
Let a = -1066 - -2812. What is the tens digit of a?
4
Let h = 728 - -1042. What is the thousands digit of h?
1
Let u(k) = -31*k + 33. What is the units digit of u(-37)?
0
Let k(f) = f**3 + 5*f + 3*f**2 - 8*f**2 - 1 + 0 + 0. Let t be k(4). Suppose 0 = 2*l + 2*z - 64, -t*l + 5*z + 190 = 2*l. What is the tens digit of l?
3
Suppose -3*c + 2*i + 120 = c, 2*c = 3*i + 60. Let k = -47 + c. Let q = k + 44. What is the units digit of q?
7
Let m = 3 - 25. Let f = m - -22. Suppose 198 = 6*w - f*w. What is the units digit of w?
3
Let m(l) = -3*l - 10. Let x be m(-3). What is the hundreds digit of x*13/((-26)/252)?
1
Suppose 879 = 4*c + 27. Suppose -c = -3*b - 0*x + 2*x, -3*x = -4*b + 284. What is the units digit of b?
1
Suppose 3*q - s - 67 = 0, 4*s + 100 = 4*q + 24. Suppose -29*i = -q*i. Suppose 0 = -2*c - 3*a + 135 - 33, i = 3*a - 12. What is the tens digit of c?
4
Let g = -33 + 167. Suppose 3*r + 4*f + 134 = 0, 2*r - 33 = -5*f - g. What is the units digit of (4/(-4) - r)*1?
7
Let t = 958 - 292. What is the units digit of t?
6
Suppose 0*p = p - 36. What is the tens digit of p - (-5)/(5/(-2))?
3
Let z be -4 + 4 - 0/2. Suppose 2*j + n - 47 = z, 0 = 3*j - j + 4*n - 44. What is the units digit of j?
4
Let g = -82 + 25. Let y = -29 - g. What is the tens digit of (-7)/y + (-85)/(-4)?
2
What is the tens digit of (1578 - 1) + (-46 - -53)?
8
Suppose 163 + 1085 = -4*x. Let s be x/42 - 4/7. What is the units digit of 3/(-12) + (-18)/s?
2
Let t be 18/(-3) + 0 - 3. Let q(v) = v**3 + 8*v**2 - 10*v - 8. Let a be q(t). Let w(h) = 17*h**3 - h**2 - h + 1. What is the tens digit of w(a)?
1
Suppose -4*j - 2*j = 90. Let y(i) = i**2 + 14*i + 6. What is the units digit of y(j)?
1
Let o(z) be the second derivative of z**5/30 - 5*z**4/24 + z**3 + z**2/2 + z. Let f(a) be the first derivative of o(a). What is the units digit of f(4)?
8
Let i be (379 - (-11 - -6)) + 0/(-1). Let v = i + -155. What is the hundreds digit of v?
2
Let y be (2/9 + (-238)/18)*-1. Let k = 59 - y. What is the units digit of k?
6
Suppose -2*p - 4*i = -4244, 1442 - 9900 = -4*p + 2*i. What is the thousands digit of p?
2
Let g = -262 - -348. What is the tens digit of g?
8
Let u(j) = -j**3 + 10*j**2 + 8*j - 25. Let y = -11 + 17. What is the units digit of u(y)?
7
Suppose -7*z + 20 + 8 = 0. Suppose 38 = 5*r - z*r. What is the tens digit of r?
3
Let h = 860 - 488. What is the tens digit of h?
7
Let q be (1/(-2))/(5/(-1110)) + 2. Suppose 0 = -4*k + 3*k + q. What is the hundreds digit of k?
1
Let z(o) = -o**3 - 10*o**2 - 17*o - 21. What is the hundreds digit of z(-12)?
4
Let p(x) = 4*x**2 + 6*x + 17. Let j be p(-5). Let t = j - -193. What is the tens digit of t?
8
What is the units digit of 2/(-6) - 179040/(-90)?
9
Let v = 177 - 97. Let h = -13 - -79. Suppose 5*z + 0*d - v = -d, -h = -3*z + 3*d. What is the units digit of z?
7
Let l = 1106 + -717. What is the hundreds digit of l?
3
Let l be (-118)/(-8)*(23 - 7). Suppose -5*u + 690 = -3*j, -j = 2*u - l - 29. What is the tens digit of u?
3
Suppose 3*l - 564 - 1230 = 0. What is the tens digit of l?
9
Suppose -27*b + 28*b = 3*f - 1067, 2 = 2*b. What is the tens digit of f?
5
What is the units digit of (-154280)/(-160) + 2/(-8)?
4
Let d = 3518 - -833. What is the hundreds digit of d?
3
Let y(p) = -8*p**2 + 4*p - 3. Let s = 6 + 0. Let w(m) = -m**2 - 1. Let c(g) = s*w(g) - y(g). What is the units digit of c(-2)?
3
Suppose 0 = -3*v - 8 + 20. Suppose -6 = z + 3*h - 0, -z = 2*h + v. Suppose -y - y + 66 = z. What is the units digit of y?
3
Suppose 3*v + 1235 = s + 6639, 0 = -3*v + 3*s + 5406. What is the hundreds digit of v?
8
Suppose 3 = x + 1. Let p = -3 - x. Let u = 19 + p. What is the tens digit of u?
1
Let u(n) = n**2 + 7*n + 16. Let s be u(-4). Suppose s*b = 20, -3*y + b + 153 = -2*b. What is the tens digit of y?
5
Let b be 2/8 + 38/8. Let m be -3 - (-12)/(b - 1). Suppose m = -2*g + 54 - 8. What is the units digit of g?
3
Let d(h) = -h**3 + 6*h**2 + 91. What is the tens digit of d(0)?
9
Let j(f) = -9 + 2*f - 9*f**2 + 4*f + 6*f + f**3. Let u(g) = 2*g**3 - 2*g - 4. Let x be u(2). What is the units digit of j(x)?
3
Suppose -39620 + 3921 = -29*x. What is the hundreds digit of x?
2
Let n = -1565 - -2901. What is the thousands digit of n?
1
Suppose b + 4*b = 5. Let o be (-12)/54 - 652/(-18). What is the units digit of (b - o)*4/(-5)?
8
Suppose r + 5*z = -2*r + 10, 2*r = 5*z + 15. Let d be 6/2 + -2 + r. What is the units digit of 5/(-10) + 321/d?
3
Let n(k) = -k**3 - 13*k**2 + 13*k + 19. Let a be n(-14). Let z = a - 29. What is the units digit of z?
4
Let p = 5 - 5. Suppose 0 = -p*l + 2*l. Suppose l = 5*w - 0*w - 35. What is the units digit of w?
7
Let b(s) = s + 1. Let q(y) = 6*y - 1. Let f(t) = 4*b(t) - q(t). Let m = -183 - -179. What is the tens digit of f(m)?
1
Suppose 3*n - 17 = 1. Suppose n*r - 230 = r. What is the units digit of r?
6
Let z(l) = l**2 - 2. Let k be z(-7). Let f = k - 22. Suppose -2 =